lculate the highest common divisor of x and 9.
9
Let h be (-3 + 8/2)*349 + 3. Calculate the greatest common factor of 32 and h.
32
Suppose 0 = -2*d - 0 + 8. Suppose -d*i + h = -h - 18, i - 6 = 2*h. Suppose p - 4 = -2. What is the greatest common divisor of i and p?
2
Suppose -3*y = -4*x - 9, 7*y - 12 = -3*x + 3*y. Suppose x = -3*k + 9 - 3. Let h be ((-4)/(-1))/(15/12 + -1). What is the greatest common divisor of h and k?
2
Let d = 2 + 3. Let r = 17 - -23. Calculate the highest common divisor of d and r.
5
Let w be (-1)/2*(-59 - 1). Let n(s) = -s**3 - 8*s**2 - 6*s + 3. Let i be n(-5). Let o = w - i. What is the highest common divisor of 9 and o?
9
Let b be (-93)/(-15) - 2/10. Suppose 0 = m - 2*m + b. Let a be 194/m + (-2)/6. What is the highest common factor of a and 16?
16
Suppose -2*z = -5*z + 3. Let d(a) = -a**2 + 6*a + 7. Let r be d(7). Suppose r*g + 4 = 2*g. What is the highest common factor of g and z?
1
Let n be (912/(-10))/(6/(-20)). Calculate the greatest common divisor of n and 16.
16
Let f = -21 - -33. Let w = -21 + f. Let y be w*((-8)/(-3))/(-4). What is the highest common factor of 48 and y?
6
Suppose 4*q + 0*q - 2*a = 34, -5*q - 4*a = -49. Let x be 3*(-3 + 474/(-9)). Let v = -68 - x. What is the highest common factor of v and q?
9
Suppose 2*l - 10 = -0*l. Let m be 2/(-5) - (-27)/l. Suppose p = 2*p - 1. What is the greatest common divisor of m and p?
1
Let o = 381 + -7. Calculate the greatest common factor of o and 34.
34
Let j(m) = -3*m**2 + 5*m - 3. Let o be j(-5). Let a be (-1 - 0)*(o + 3). What is the greatest common factor of a and 25?
25
Let f(o) = 7*o - 6. Let a be f(10). What is the greatest common factor of a and 8?
8
Let s(q) = 2*q**2 + 4*q + 7. Let p be s(5). Let z = -11 + 18. Calculate the highest common factor of z and p.
7
Suppose 4*j - 9*j + 1725 = 0. Let m = j + -213. What is the greatest common divisor of m and 12?
12
Let m(c) = c - 8. Let j be m(10). Let z be 18 + ((-4)/j - 0). Calculate the highest common divisor of 8 and z.
8
Let s(n) = 10*n**2 - 7*n - 8. Let a be s(6). What is the highest common divisor of 31 and a?
31
Suppose 4*b + 2*a = -2, 4*b - 4*a + 7 = -a. Let z be (14/3)/(b/(-3)). Suppose 263 + 17 = 8*k. Calculate the greatest common factor of k and z.
7
Suppose -2*x = x - 33. Let p = -5 + x. Calculate the greatest common factor of p and 42.
6
Let s = -68 + 73. What is the greatest common factor of 15 and s?
5
Suppose 22 - 3 = 2*v + p, 2*p = 3*v - 25. Calculate the highest common factor of v and 45.
9
Let y be 6 + -3 + (-2)/(-2). Suppose -n - y*n = -75. Suppose 38 - 188 = -5*q. What is the greatest common divisor of q and n?
15
Let z = -62 - -95. What is the highest common divisor of z and 44?
11
Suppose 4*w - 16 = 5*o, 0*w = 2*o - 3*w + 12. Suppose o = u - 2, 2*b - 1 = b + 4*u. Calculate the highest common factor of 81 and b.
9
Let i be 4/(-18) + 508/18. Let g = 9 + -6. Let m be 0 - (g + -6 + -1). Calculate the highest common divisor of i and m.
4
Suppose 10 = -2*u, s - 37 = -2*s - 4*u. Let p = -3 - -7. Suppose 76 = -0*q + p*q. Calculate the greatest common factor of s and q.
19
Let q(k) = -7*k + 15. Let z be q(-7). Calculate the highest common factor of 8 and z.
8
Let y = -83 - -272. What is the greatest common divisor of y and 21?
21
Let a be 0 + 7 - (2 + -1). Suppose -3*c + 24 - a = 0. Let o be 4/6 - (-356)/c. What is the highest common divisor of o and 12?
12
Let w be (-11)/(1/(-2)*2). Suppose 0 = -3*y + 5*v + 38, -5*v + 6 = -4*y + 55. Calculate the greatest common factor of y and w.
11
Let j = 0 - 0. Let r(t) = 7 + t**3 + 2 - 4*t**2 + 3*t**2. Let v be r(j). Calculate the greatest common factor of 45 and v.
9
Suppose 0 = -0*q - 2*q + 120. Let s(o) = o**2 - o. Let k be s(-3). Calculate the highest common divisor of k and q.
12
Let w(a) be the second derivative of -a**4/12 - 7*a**3/6 - 5*a**2/2 + 6*a. Let c be w(-4). Calculate the greatest common divisor of c and 35.
7
Suppose -3*b + 20 = -4. Let c = -5 + b. Suppose -131 = -c*l - w, -173 + 36 = -3*l + 5*w. Calculate the highest common divisor of l and 11.
11
Suppose -4*d + 5*z + 289 = 0, -2*d - 315 = -7*d - 3*z. Let u(h) = h**3 - 8*h**2 + 6*h + 13. Let g be u(7). Calculate the highest common divisor of d and g.
6
Let m = 12 - 7. Suppose -4*w = -m*r - 53, 2*r = -4*w - 0*w + 74. Calculate the highest common factor of w and 170.
17
Suppose 7 = 3*s - 17. Suppose -4*h + 45 = 17. Suppose -40 = 2*y - h*y. Calculate the highest common divisor of s and y.
8
Suppose 70 = 2*g + 3*g. Let b(v) = -v**3 - 6*v**2 + 3*v - 7. Let w be b(-7). Let z = 35 - w. What is the highest common divisor of z and g?
14
Let j be (3 + -4)*132/8*-2. Calculate the greatest common divisor of j and 22.
11
Let r = -6 + 8. Suppose r = s - 5. Let l be ((-77)/(-4))/((-2)/(-8)). Calculate the highest common factor of l and s.
7
Suppose -4*n - 60 + 172 = 0. Let k be ((-2)/7)/((-4)/n). Suppose 0 = 4*c + 2*x - 12, 3*c + k*x + 2*x = 9. Calculate the greatest common divisor of 27 and c.
3
Let y be 1*(-4 + 58 + -4). What is the highest common divisor of 125 and y?
25
Let o(v) = 3 - 7*v - 8*v**2 + 0 + 9*v**2. Let a be o(8). Let c = -90 + 167. What is the greatest common factor of c and a?
11
Let d be (-6)/(-3)*2 - 1. Suppose 24 = d*j + 5*s, -4*j = -3*j - s - 8. What is the greatest common divisor of 8 and j?
8
Let m = -3 - -19. Let l be ((-1)/5 - -1)*5. Suppose 0 = 5*v - 4*v + 3*p - 10, 4 = 3*v - l*p. What is the greatest common divisor of v and m?
4
Let q be (-31)/(-2) - (-2)/4. Let o = 201 - 73. Calculate the highest common factor of o and q.
16
Let t(f) = -f**3 + 10*f**2 + 15*f + 5. Suppose 3*k - u - 28 = 4*u, 31 = 3*k - 2*u. Let d be t(k). Calculate the highest common factor of 7 and d.
7
Let l = 1 + 2. Suppose 2*f = 1 + l. Suppose -2*g - 40 = -o, -106 = -3*o - 3*g + f*g. What is the greatest common factor of o and 24?
12
Let t = -7 - -15. Calculate the greatest common divisor of 88 and t.
8
Let p be ((-165)/2)/((-4)/8). Calculate the greatest common divisor of 33 and p.
33
Let b(y) = 161*y**3 + 1. Let v be 1/(-4) + (-20)/(-16). Let n be b(v). What is the greatest common divisor of n and 18?
18
Let w = -37 + 64. Let b = -4 + 7. What is the greatest common factor of b and w?
3
Let q = 13 - 8. Suppose -6*c + 3*c = -30. What is the highest common factor of c and q?
5
Suppose -h - 4*h + 455 = 0. Let g be 3*((-8)/(-3) - 2). Suppose -g*i + 39 = i. Calculate the highest common factor of h and i.
13
Suppose 4*p + 7 = 5*g, 0*g - 3*g - 6 = p. Let o be 4 + -5 + (-4)/g. What is the highest common divisor of o and 27?
3
Suppose -3*y + 5*y = 0. Suppose 3*k - 30 = -y*k. Let h be -1 + 2 - -1*99. Calculate the highest common factor of h and k.
10
Suppose 0 = 2*s - 0*s - 88. Calculate the highest common factor of s and 11.
11
Suppose 3*t - 4*t = -28. Suppose 2*l = t + 52. Calculate the highest common divisor of 16 and l.
8
Let i(c) = 4 - 4 + c**2 - c. Let o be i(2). Suppose -o - 110 = -r. Calculate the greatest common factor of 14 and r.
14
Suppose 2*t = -8 - 2, 3*t = -5*q - 15. Let j = q - 4. Let i = 16 + j. Calculate the highest common factor of 30 and i.
6
Let r(q) = -26*q - 15. Let z be r(-12). What is the greatest common factor of 33 and z?
33
Let l = 1 - 1. Suppose 4*m - 4 = -l*m. What is the highest common factor of 5 and m?
1
Let i be 24/(-72) + (-290)/(-6). Calculate the greatest common factor of i and 48.
48
Let s be 8/((-4)/(-6)*15/40). Calculate the greatest common divisor of 80 and s.
16
Let w = 214 - 124. Calculate the highest common divisor of 10 and w.
10
Let f be 2/5 + (-309)/(-15). Let j be 204/f + 4/14. What is the highest common divisor of 25 and j?
5
Let n(x) = -x - 8. Let j(l) = -2*l - 16. Let f(r) = -3*j(r) + 5*n(r). Let v be f(-6). Suppose 0 = v*p - 8. Calculate the greatest common factor of 16 and p.
4
Let v(m) be the first derivative of -3*m - m**2 + 1 + 1/3*m**3. Let f be v(-3). Calculate the highest common factor of f and 36.
12
Let f = 2 - 3. Let p be 5/(f - (0 + -2)). Let g be 1/(-3 + 5) + (-69)/(-2). What is the greatest common divisor of g and p?
5
Suppose -2*m = -p + 8 - 55, 4*p - 137 = -5*m. What is the highest common factor of m and 10?
5
Let b be (6/(-2))/(1/(-6)). Let q be (-24)/18*(-6)/4. Suppose -i = 5*h - 162, -278 = -q*i + 3*h + 46. What is the highest common factor o